{"id":141360,"date":"2024-08-14T11:15:48","date_gmt":"2024-08-14T09:15:48","guid":{"rendered":"https:\/\/patounade.re\/?page_id=141360"},"modified":"2024-08-14T12:33:26","modified_gmt":"2024-08-14T10:33:26","slug":"a-propos","status":"publish","type":"page","link":"https:\/\/patounade.re\/index.php\/a-propos\/","title":{"rendered":"\u00c0 propos"},"content":{"rendered":"<div class=\"wpb-content-wrapper\"><p>[vc_row][vc_column column_width_percent=\u00a0\u00bb100&Prime; position_vertical=\u00a0\u00bbmiddle\u00a0\u00bb align_horizontal=\u00a0\u00bbalign_center\u00a0\u00bb gutter_size=\u00a0\u00bb3&Prime; overlay_alpha=\u00a0\u00bb50&Prime; shift_x=\u00a0\u00bb0&Prime; shift_y=\u00a0\u00bb0&Prime; shift_y_down=\u00a0\u00bb0&Prime; z_index=\u00a0\u00bb0&Prime; medium_width=\u00a0\u00bb0&Prime; mobile_width=\u00a0\u00bb0&Prime; width=\u00a0\u00bb1\/1&Prime; uncode_shortcode_id=\u00a0\u00bb330678&Prime;][vc_custom_heading text_color=\u00a0\u00bbcolor-jevc\u00a0\u00bb text_font=\u00a0\u00bbfont-136269&Prime; text_size=\u00a0\u00bbfontsize-210105&Prime; inline_media=\u00a0\u00bbyes\u00a0\u00bb medias=\u00a0\u00bb141366&Prime; media_height=\u00a0\u00bb100&Prime; uncode_shortcode_id=\u00a0\u00bb123481&Prime; text_color_type=\u00a0\u00bbuncode-palette\u00a0\u00bb]\u00c0 propos de nous[uncode_inline_image][\/vc_custom_heading][\/vc_column][\/vc_row][vc_row][vc_column width=\u00a0\u00bb1\/2&Prime;][vc_custom_heading text_color=\u00a0\u00bbcolor-157102&Prime; text_font=\u00a0\u00bbfont-193567&Prime; uncode_shortcode_id=\u00a0\u00bb197768&Prime; text_color_type=\u00a0\u00bbuncode-palette\u00a0\u00bb]Notre Histoire[\/vc_custom_heading][vc_custom_heading text_color=\u00a0\u00bbcolor-188946&Prime; heading_semantic=\u00a0\u00bbh5&Prime; text_font=\u00a0\u00bbfont-114434&Prime; text_size=\u00a0\u00bbh5&Prime; text_weight=\u00a0\u00bb300&Prime; uncode_shortcode_id=\u00a0\u00bb108442&Prime; text_color_type=\u00a0\u00bbuncode-palette\u00a0\u00bb]L&rsquo;histoire de La Patounade trouve ses racines dans la passion profonde de J\u00e9r\u00f4me pour le bien-\u00eatre des chiens et des chats. Cet amour des animaux, nourri d\u00e8s son plus jeune \u00e2ge, a pris une nouvelle dimension lorsqu&rsquo;il s&rsquo;est impliqu\u00e9 dans<strong> le monde associatif canin<\/strong>. Travaillant aux c\u00f4t\u00e9s d&rsquo;associations d\u00e9di\u00e9es \u00e0 la protection des animaux abandonn\u00e9s et maltrait\u00e9s, J\u00e9r\u00f4me a \u00e9t\u00e9 t\u00e9moin des d\u00e9fis auxquels ces cr\u00e9atures sont confront\u00e9es. Ces exp\u00e9riences l&rsquo;ont pouss\u00e9 \u00e0 agir pour offrir \u00e0 chaque animal une vie meilleure.<\/p>\n<p>&nbsp;<\/p>\n<p>Fort de ces apprentissages, J\u00e9r\u00f4me a fond\u00e9 La Patounade pour cr\u00e9er un espace o\u00f9 chaque chien et chaque chat, quel que soit leur \u00e2ge ou leur taille, puisse b\u00e9n\u00e9ficier de<strong> soins adapt\u00e9s et recevoir tout ce dont ils ont besoin pour s&rsquo;\u00e9panouir<\/strong>. Avec une s\u00e9lection rigoureuse de produits naturels, des conseils personnalis\u00e9s, et des services innovants, La Patounade s&rsquo;engage \u00e0 d\u00e9passer les attentes de nos clients et de leurs compagnons \u00e0 quatre pattes.[\/vc_custom_heading][\/vc_column][vc_column column_width_percent=\u00a0\u00bb100&Prime; position_vertical=\u00a0\u00bbmiddle\u00a0\u00bb gutter_size=\u00a0\u00bb3&Prime; overlay_alpha=\u00a0\u00bb50&Prime; shift_x=\u00a0\u00bb0&Prime; shift_y=\u00a0\u00bb0&Prime; shift_y_down=\u00a0\u00bb0&Prime; z_index=\u00a0\u00bb0&Prime; medium_width=\u00a0\u00bb0&Prime; mobile_width=\u00a0\u00bb0&Prime; width=\u00a0\u00bb1\/2&Prime; uncode_shortcode_id=\u00a0\u00bb207713&Prime;][vc_single_image media=\u00a0\u00bb141368&Prime; media_width_percent=\u00a0\u00bb100&Prime; uncode_shortcode_id=\u00a0\u00bb773362&Prime;][\/vc_column][\/vc_row][vc_row][vc_column column_width_percent=\u00a0\u00bb100&Prime; position_vertical=\u00a0\u00bbmiddle\u00a0\u00bb align_horizontal=\u00a0\u00bbalign_center\u00a0\u00bb gutter_size=\u00a0\u00bb3&Prime; overlay_alpha=\u00a0\u00bb50&Prime; shift_x=\u00a0\u00bb0&Prime; shift_y=\u00a0\u00bb0&Prime; shift_y_down=\u00a0\u00bb0&Prime; z_index=\u00a0\u00bb0&Prime; medium_width=\u00a0\u00bb0&Prime; mobile_width=\u00a0\u00bb0&Prime; width=\u00a0\u00bb1\/1&Prime; uncode_shortcode_id=\u00a0\u00bb165045&Prime;][vc_custom_heading text_color=\u00a0\u00bbcolor-jevc\u00a0\u00bb heading_semantic=\u00a0\u00bbh3&Prime; text_font=\u00a0\u00bbfont-114434&Prime; text_size=\u00a0\u00bbfontsize-155944&Prime; uncode_shortcode_id=\u00a0\u00bb344354&Prime; text_color_type=\u00a0\u00bbuncode-palette\u00a0\u00bb]Nous ferons toujours passer leurs s\u00e9curit\u00e9 et bien-\u00eatre avant le profit[\/vc_custom_heading][\/vc_column][\/vc_row][vc_row row_height_percent=\u00a0\u00bb0&Prime; override_padding=\u00a0\u00bbyes\u00a0\u00bb h_padding=\u00a0\u00bb2&Prime; top_padding=\u00a0\u00bb1&Prime; bottom_padding=\u00a0\u00bb0&Prime; overlay_alpha=\u00a0\u00bb50&Prime; gutter_size=\u00a0\u00bb3&Prime; column_width_percent=\u00a0\u00bb100&Prime; shift_y=\u00a0\u00bb0&Prime; z_index=\u00a0\u00bb0&Prime; uncode_shortcode_id=\u00a0\u00bb134401&Prime;][vc_column column_width_percent=\u00a0\u00bb100&Prime; position_vertical=\u00a0\u00bbbottom\u00a0\u00bb gutter_size=\u00a0\u00bb3&Prime; overlay_alpha=\u00a0\u00bb50&Prime; shift_x=\u00a0\u00bb0&Prime; shift_y=\u00a0\u00bb0&Prime; shift_y_down=\u00a0\u00bb0&Prime; z_index=\u00a0\u00bb0&Prime; medium_width=\u00a0\u00bb0&Prime; mobile_width=\u00a0\u00bb0&Prime; width=\u00a0\u00bb1\/1&Prime; uncode_shortcode_id=\u00a0\u00bb767295&Prime;][vc_single_image media=\u00a0\u00bb141375&Prime; media_width_percent=\u00a0\u00bb100&Prime; uncode_shortcode_id=\u00a0\u00bb783990&Prime;][\/vc_column][\/vc_row][vc_row row_height_percent=\u00a0\u00bb0&Prime; override_padding=\u00a0\u00bbyes\u00a0\u00bb h_padding=\u00a0\u00bb2&Prime; top_padding=\u00a0\u00bb5&Prime; bottom_padding=\u00a0\u00bb5&Prime; back_color=\u00a0\u00bbcolor-143579&Prime; overlay_alpha=\u00a0\u00bb50&Prime; gutter_size=\u00a0\u00bb3&Prime; column_width_percent=\u00a0\u00bb100&Prime; shift_y=\u00a0\u00bb0&Prime; z_index=\u00a0\u00bb0&Prime; enable_bottom_divider=\u00a0\u00bbdefault\u00a0\u00bb bottom_divider=\u00a0\u00bbgradient\u00a0\u00bb shape_bottom_h_use_pixel=\u00a0\u00bb\u00a0\u00bb shape_bottom_height=\u00a0\u00bb100&Prime; shape_bottom_opacity=\u00a0\u00bb100&Prime; shape_bottom_index=\u00a0\u00bb0&Prime; uncode_shortcode_id=\u00a0\u00bb431019&Prime; back_color_type=\u00a0\u00bbuncode-palette\u00a0\u00bb][vc_column column_width_percent=\u00a0\u00bb100&Prime; position_vertical=\u00a0\u00bbmiddle\u00a0\u00bb gutter_size=\u00a0\u00bb3&Prime; overlay_alpha=\u00a0\u00bb50&Prime; shift_x=\u00a0\u00bb0&Prime; shift_y=\u00a0\u00bb0&Prime; shift_y_down=\u00a0\u00bb0&Prime; z_index=\u00a0\u00bb0&Prime; medium_width=\u00a0\u00bb0&Prime; mobile_width=\u00a0\u00bb0&Prime; width=\u00a0\u00bb1\/2&Prime; uncode_shortcode_id=\u00a0\u00bb207713&Prime;][vc_single_image media=\u00a0\u00bb141382&Prime; media_width_percent=\u00a0\u00bb100&Prime; uncode_shortcode_id=\u00a0\u00bb886424&Prime;][\/vc_column][vc_column column_width_percent=\u00a0\u00bb100&Prime; position_vertical=\u00a0\u00bbmiddle\u00a0\u00bb gutter_size=\u00a0\u00bb3&Prime; overlay_alpha=\u00a0\u00bb50&Prime; shift_x=\u00a0\u00bb0&Prime; shift_y=\u00a0\u00bb0&Prime; shift_y_down=\u00a0\u00bb0&Prime; z_index=\u00a0\u00bb0&Prime; medium_width=\u00a0\u00bb0&Prime; mobile_width=\u00a0\u00bb0&Prime; width=\u00a0\u00bb1\/2&Prime; uncode_shortcode_id=\u00a0\u00bb152103&Prime;][vc_custom_heading text_color=\u00a0\u00bbcolor-157102&Prime; text_font=\u00a0\u00bbfont-193567&Prime; uncode_shortcode_id=\u00a0\u00bb149331&Prime; text_color_type=\u00a0\u00bbuncode-palette\u00a0\u00bb]Notre Mission<br \/>\n[\/vc_custom_heading][vc_custom_heading text_color=\u00a0\u00bbcolor-188946&Prime; heading_semantic=\u00a0\u00bbh5&Prime; text_font=\u00a0\u00bbfont-114434&Prime; text_size=\u00a0\u00bbh5&Prime; text_weight=\u00a0\u00bb300&Prime; uncode_shortcode_id=\u00a0\u00bb843553&Prime; text_color_type=\u00a0\u00bbuncode-palette\u00a0\u00bb]Chez La Patounade, notre mission est simple : <strong>am\u00e9liorer la qualit\u00e9 de vie des chiens et des chats<\/strong>, en prenant soin de leur bien-\u00eatre physique, mental, et \u00e9motionnel. Nous croyons que chaque animal m\u00e9rite de vivre une vie heureuse et en bonne sant\u00e9, entour\u00e9 d&rsquo;amour et d&rsquo;attention.[\/vc_custom_heading][\/vc_column][\/vc_row][vc_row row_height_percent=\u00a0\u00bb0&Prime; override_padding=\u00a0\u00bbyes\u00a0\u00bb h_padding=\u00a0\u00bb3&Prime; top_padding=\u00a0\u00bb3&Prime; bottom_padding=\u00a0\u00bb4&Prime; overlay_alpha=\u00a0\u00bb50&Prime; gutter_size=\u00a0\u00bb3&Prime; column_width_percent=\u00a0\u00bb100&Prime; shift_y=\u00a0\u00bb0&Prime; z_index=\u00a0\u00bb0&Prime; uncode_shortcode_id=\u00a0\u00bb189688&Prime;][vc_column width=\u00a0\u00bb1\/2&Prime;][vc_custom_heading text_color=\u00a0\u00bbcolor-157102&Prime; text_font=\u00a0\u00bbfont-193567&Prime; uncode_shortcode_id=\u00a0\u00bb120533&Prime; text_color_type=\u00a0\u00bbuncode-palette\u00a0\u00bb]Ce qui Nous Rend Uniques[\/vc_custom_heading][vc_custom_heading text_color=\u00a0\u00bbcolor-188946&Prime; heading_semantic=\u00a0\u00bbh5&Prime; text_font=\u00a0\u00bbfont-114434&Prime; text_size=\u00a0\u00bbh5&Prime; text_weight=\u00a0\u00bb300&Prime; uncode_shortcode_id=\u00a0\u00bb209815&Prime; text_color_type=\u00a0\u00bbuncode-palette\u00a0\u00bb]<strong>Une Expertise Authentique<\/strong> : Nous ne faisons pas seulement ce que nous faisons par profession, mais par passion. Notre \u00e9quipe est compos\u00e9e de v\u00e9ritables amoureux des animaux, form\u00e9s et d\u00e9di\u00e9s \u00e0 offrir les meilleurs soins possibles.<\/p>\n<p><strong>Produits S\u00e9lectionn\u00e9s avec Soin<\/strong> : Chaque produit que nous proposons a \u00e9t\u00e9 minutieusement s\u00e9lectionn\u00e9 pour ses bienfaits pour la sant\u00e9 de vos animaux. Nous privil\u00e9gions les ingr\u00e9dients naturels, les formules douces, et les marques \u00e9thiques qui partagent nos valeurs.<\/p>\n<p><strong>Un Service Personnalis\u00e9<\/strong> : Nous comprenons que chaque animal est unique. C&rsquo;est pourquoi nous offrons des conseils et des services personnalis\u00e9s, adapt\u00e9s aux besoins sp\u00e9cifiques de votre chien ou de votre chat.[\/vc_custom_heading][\/vc_column][vc_column column_width_percent=\u00a0\u00bb100&Prime; position_vertical=\u00a0\u00bbmiddle\u00a0\u00bb gutter_size=\u00a0\u00bb3&Prime; overlay_alpha=\u00a0\u00bb50&Prime; shift_x=\u00a0\u00bb0&Prime; shift_y=\u00a0\u00bb0&Prime; shift_y_down=\u00a0\u00bb0&Prime; z_index=\u00a0\u00bb0&Prime; medium_width=\u00a0\u00bb0&Prime; mobile_width=\u00a0\u00bb0&Prime; width=\u00a0\u00bb1\/2&Prime; uncode_shortcode_id=\u00a0\u00bb207713&Prime;][vc_single_image media=\u00a0\u00bb141389&Prime; media_width_percent=\u00a0\u00bb100&Prime; uncode_shortcode_id=\u00a0\u00bb152895&Prime;][\/vc_column][\/vc_row][vc_row][vc_column column_width_percent=\u00a0\u00bb100&Prime; position_vertical=\u00a0\u00bbmiddle\u00a0\u00bb align_horizontal=\u00a0\u00bbalign_center\u00a0\u00bb gutter_size=\u00a0\u00bb3&Prime; overlay_alpha=\u00a0\u00bb50&Prime; shift_x=\u00a0\u00bb0&Prime; shift_y=\u00a0\u00bb0&Prime; shift_y_down=\u00a0\u00bb0&Prime; z_index=\u00a0\u00bb0&Prime; medium_width=\u00a0\u00bb0&Prime; mobile_width=\u00a0\u00bb0&Prime; width=\u00a0\u00bb1\/1&Prime; uncode_shortcode_id=\u00a0\u00bb165045&Prime;][vc_custom_heading text_color=\u00a0\u00bbcolor-jevc\u00a0\u00bb heading_semantic=\u00a0\u00bbh3&Prime; text_font=\u00a0\u00bbfont-114434&Prime; text_size=\u00a0\u00bbfontsize-155944&Prime; uncode_shortcode_id=\u00a0\u00bb853678&Prime; text_color_type=\u00a0\u00bbuncode-palette\u00a0\u00bb]Rejoignez la Famille La Patounade<br \/>\n[\/vc_custom_heading][\/vc_column][\/vc_row][vc_row row_height_percent=\u00a0\u00bb0&Prime; override_padding=\u00a0\u00bbyes\u00a0\u00bb h_padding=\u00a0\u00bb3&Prime; top_padding=\u00a0\u00bb3&Prime; bottom_padding=\u00a0\u00bb4&Prime; overlay_alpha=\u00a0\u00bb50&Prime; gutter_size=\u00a0\u00bb3&Prime; column_width_percent=\u00a0\u00bb100&Prime; shift_y=\u00a0\u00bb0&Prime; z_index=\u00a0\u00bb0&Prime; uncode_shortcode_id=\u00a0\u00bb873658&Prime;][vc_column width=\u00a0\u00bb1\/2&Prime;][vc_custom_heading text_color=\u00a0\u00bbcolor-157102&Prime; text_font=\u00a0\u00bbfont-193567&Prime; uncode_shortcode_id=\u00a0\u00bb120533&Prime; text_color_type=\u00a0\u00bbuncode-palette\u00a0\u00bb]Ce qui Nous Rend Uniques[\/vc_custom_heading][vc_custom_heading text_color=\u00a0\u00bbcolor-188946&Prime; heading_semantic=\u00a0\u00bbh5&Prime; text_font=\u00a0\u00bbfont-114434&Prime; text_size=\u00a0\u00bbh5&Prime; text_weight=\u00a0\u00bb300&Prime; uncode_shortcode_id=\u00a0\u00bb165644&Prime; text_color_type=\u00a0\u00bbuncode-palette\u00a0\u00bb]Nous ne sommes pas simplement une entreprise de bien-\u00eatre animalier ; nous sommes une communaut\u00e9. Une communaut\u00e9 de personnes qui partagent l&rsquo;amour pour les animaux et le d\u00e9sir de leur offrir une vie meilleure. Rejoignez-nous dans cette aventure et faisons ensemble de chaque jour un jour heureux pour vos compagnons \u00e0 quatre pattes.<\/p>\n<p>&nbsp;<\/p>\n<p><strong>Parce que chez La Patounade, chaque patte m\u00e9rite le meilleur.<\/strong>[\/vc_custom_heading][\/vc_column][vc_column column_width_percent=\u00a0\u00bb100&Prime; position_vertical=\u00a0\u00bbmiddle\u00a0\u00bb align_horizontal=\u00a0\u00bbalign_center\u00a0\u00bb gutter_size=\u00a0\u00bb3&Prime; overlay_alpha=\u00a0\u00bb50&Prime; shift_x=\u00a0\u00bb0&Prime; shift_y=\u00a0\u00bb0&Prime; shift_y_down=\u00a0\u00bb0&Prime; z_index=\u00a0\u00bb0&Prime; medium_width=\u00a0\u00bb0&Prime; mobile_width=\u00a0\u00bb0&Prime; width=\u00a0\u00bb1\/2&Prime; uncode_shortcode_id=\u00a0\u00bb178780&Prime;][uncode_socials size=\u00a0\u00bblead\u00a0\u00bb][\/vc_column][\/vc_row]<\/p>\n<\/div>","protected":false},"excerpt":{"rendered":"<p>[vc_row][vc_column column_width_percent=\u00a0\u00bb100&Prime; position_vertical=\u00a0\u00bbmiddle\u00a0\u00bb align_horizontal=\u00a0\u00bbalign_center\u00a0\u00bb gutter_size=\u00a0\u00bb3&Prime; overlay_alpha=\u00a0\u00bb50&Prime; shift_x=\u00a0\u00bb0&Prime; shift_y=\u00a0\u00bb0&Prime; shift_y_down=\u00a0\u00bb0&Prime; z_index=\u00a0\u00bb0&Prime; medium_width=\u00a0\u00bb0&Prime; mobile_width=\u00a0\u00bb0&Prime; width=\u00a0\u00bb1\/1&Prime; uncode_shortcode_id=\u00a0\u00bb330678&Prime;][vc_custom_heading text_color=\u00a0\u00bbcolor-jevc\u00a0\u00bb text_font=\u00a0\u00bbfont-136269&Prime; text_size=\u00a0\u00bbfontsize-210105&Prime; inline_media=\u00a0\u00bbyes\u00a0\u00bb medias=\u00a0\u00bb141366&Prime; media_height=\u00a0\u00bb100&Prime; [&hellip;]<\/p>\n","protected":false},"author":1,"featured_media":0,"parent":0,"menu_order":0,"comment_status":"closed","ping_status":"closed","template":"","meta":{"footnotes":""},"class_list":["post-141360","page","type-page","status-publish","hentry"],"_links":{"self":[{"href":"https:\/\/patounade.re\/index.php\/wp-json\/wp\/v2\/pages\/141360","targetHints":{"allow":["GET"]}}],"collection":[{"href":"https:\/\/patounade.re\/index.php\/wp-json\/wp\/v2\/pages"}],"about":[{"href":"https:\/\/patounade.re\/index.php\/wp-json\/wp\/v2\/types\/page"}],"author":[{"embeddable":true,"href":"https:\/\/patounade.re\/index.php\/wp-json\/wp\/v2\/users\/1"}],"replies":[{"embeddable":true,"href":"https:\/\/patounade.re\/index.php\/wp-json\/wp\/v2\/comments?post=141360"}],"version-history":[{"count":30,"href":"https:\/\/patounade.re\/index.php\/wp-json\/wp\/v2\/pages\/141360\/revisions"}],"predecessor-version":[{"id":141397,"href":"https:\/\/patounade.re\/index.php\/wp-json\/wp\/v2\/pages\/141360\/revisions\/141397"}],"wp:attachment":[{"href":"https:\/\/patounade.re\/index.php\/wp-json\/wp\/v2\/media?parent=141360"}],"curies":[{"name":"wp","href":"https:\/\/api.w.org\/{rel}","templated":true}]}}