{"id":141429,"date":"2024-08-21T10:32:02","date_gmt":"2024-08-21T08:32:02","guid":{"rendered":"https:\/\/patounade.re\/?page_id=141429"},"modified":"2024-11-29T12:08:28","modified_gmt":"2024-11-29T11:08:28","slug":"nos-services-visite-chez-le-veterinaire","status":"publish","type":"page","link":"https:\/\/patounade.re\/index.php\/nos-services-visite-chez-le-veterinaire\/","title":{"rendered":"Nos Services &#8211; Visite Chez le V\u00e9t\u00e9rinaire"},"content":{"rendered":"<div class=\"wpb-content-wrapper\"><p>[vc_row][vc_column width=\u00a0\u00bb1\/1&Prime;][vc_custom_heading text_color=\u00a0\u00bbcolor-188946&Prime; text_font=\u00a0\u00bbfont-114434&Prime; text_size=\u00a0\u00bbfontsize-210105&Prime; inline_media=\u00a0\u00bbyes\u00a0\u00bb medias=\u00a0\u00bb141431&Prime; media_height=\u00a0\u00bb100&Prime; uncode_shortcode_id=\u00a0\u00bb150910&Prime; text_color_type=\u00a0\u00bbuncode-palette\u00a0\u00bb]Accompagnement chez le v\u00e9t\u00e9rinaire [uncode_inline_image] pour votre tranquillit\u00e9 d&rsquo;esprit ![\/vc_custom_heading][\/vc_column][\/vc_row][vc_row][vc_column column_width_percent=\u00a0\u00bb100&Prime; position_vertical=\u00a0\u00bbmiddle\u00a0\u00bb gutter_size=\u00a0\u00bb3&Prime; overlay_alpha=\u00a0\u00bb50&Prime; shift_x=\u00a0\u00bb0&Prime; shift_y=\u00a0\u00bb0&Prime; shift_y_down=\u00a0\u00bb0&Prime; z_index=\u00a0\u00bb0&Prime; medium_width=\u00a0\u00bb0&Prime; mobile_width=\u00a0\u00bb0&Prime; width=\u00a0\u00bb1\/2&Prime; uncode_shortcode_id=\u00a0\u00bb201636&Prime;][vc_custom_heading text_color=\u00a0\u00bbcolor-188946&Prime; heading_semantic=\u00a0\u00bbh4&Prime; text_font=\u00a0\u00bbfont-114434&Prime; text_size=\u00a0\u00bbh5&Prime; text_weight=\u00a0\u00bb300&Prime; uncode_shortcode_id=\u00a0\u00bb595732&Prime; text_color_type=\u00a0\u00bbuncode-palette\u00a0\u00bb]Chez <strong>La Patounade<\/strong>, nous comprenons que se rendre chez le v\u00e9t\u00e9rinaire peut parfois \u00eatre stressant, tant pour vous que pour votre chien. C&rsquo;est pourquoi nous proposons un service d&rsquo;accompagnement personnalis\u00e9, \u00e0 partir de 30 minutes, pour transporter et assister votre compagnon lors de ses visites m\u00e9dicales.[\/vc_custom_heading][vc_custom_heading text_color=\u00a0\u00bbcolor-188946&Prime; heading_semantic=\u00a0\u00bbh4&Prime; text_font=\u00a0\u00bbfont-114434&Prime; text_size=\u00a0\u00bbh5&Prime; text_weight=\u00a0\u00bb300&Prime; uncode_shortcode_id=\u00a0\u00bb279626&Prime; text_color_type=\u00a0\u00bbuncode-palette\u00a0\u00bb]Que ce soit pour une consultation de routine, un vaccin, ou une urgence, nous nous assurons que votre chien soit entre de bonnes mains tout au long du trajet et durant la visite. Avec <strong>La Patounade<\/strong>, vous pouvez avoir l&rsquo;esprit tranquille, sachant que votre fid\u00e8le ami est accompagn\u00e9 avec soin et attention.<\/p>\n<p>&nbsp;<\/p>\n<p>Confiez \u00e0 <strong>La Patounade<\/strong> la gestion des visites chez le v\u00e9t\u00e9rinaire, et concentrez-vous sur ce qui compte le plus : le bien-\u00eatre de votre compagnon ![\/vc_custom_heading][\/vc_column][vc_column column_width_percent=\u00a0\u00bb100&Prime; position_vertical=\u00a0\u00bbmiddle\u00a0\u00bb gutter_size=\u00a0\u00bb3&Prime; overlay_alpha=\u00a0\u00bb50&Prime; shift_x=\u00a0\u00bb0&Prime; shift_y=\u00a0\u00bb0&Prime; shift_y_down=\u00a0\u00bb0&Prime; z_index=\u00a0\u00bb0&Prime; medium_width=\u00a0\u00bb0&Prime; mobile_width=\u00a0\u00bb0&Prime; width=\u00a0\u00bb1\/2&Prime; uncode_shortcode_id=\u00a0\u00bb774693&Prime;][vc_single_image media=\u00a0\u00bb141430&Prime; media_width_percent=\u00a0\u00bb100&Prime; uncode_shortcode_id=\u00a0\u00bb182497&Prime;][\/vc_column][\/vc_row][vc_row][vc_column column_width_percent=\u00a0\u00bb100&Prime; position_vertical=\u00a0\u00bbmiddle\u00a0\u00bb align_horizontal=\u00a0\u00bbalign_center\u00a0\u00bb gutter_size=\u00a0\u00bb3&Prime; overlay_alpha=\u00a0\u00bb50&Prime; shift_x=\u00a0\u00bb0&Prime; shift_y=\u00a0\u00bb0&Prime; shift_y_down=\u00a0\u00bb0&Prime; z_index=\u00a0\u00bb0&Prime; medium_width=\u00a0\u00bb0&Prime; mobile_width=\u00a0\u00bb0&Prime; width=\u00a0\u00bb1\/1&Prime; uncode_shortcode_id=\u00a0\u00bb490669&Prime;][vc_custom_heading text_font=\u00a0\u00bbfont-193567&Prime; text_size=\u00a0\u00bbfontsize-155944&Prime; text_weight=\u00a0\u00bb100&Prime; uncode_shortcode_id=\u00a0\u00bb186812&Prime; text_color_type=\u00a0\u00bbuncode-solid\u00a0\u00bb text_color_solid=\u00a0\u00bb#fb4480&Prime;]Prendre Rendez-vous[\/vc_custom_heading][vc_empty_space empty_h=\u00a0\u00bb2&Prime;][vc_raw_html]JTVCd2ViYmFib29raW5nJTVE[\/vc_raw_html][\/vc_column][\/vc_row]<\/p>\n<\/div>","protected":false},"excerpt":{"rendered":"<p>[vc_row][vc_column width=\u00a0\u00bb1\/1&Prime;][vc_custom_heading text_color=\u00a0\u00bbcolor-188946&Prime; text_font=\u00a0\u00bbfont-114434&Prime; text_size=\u00a0\u00bbfontsize-210105&Prime; inline_media=\u00a0\u00bbyes\u00a0\u00bb medias=\u00a0\u00bb141431&Prime; media_height=\u00a0\u00bb100&Prime; uncode_shortcode_id=\u00a0\u00bb150910&Prime; text_color_type=\u00a0\u00bbuncode-palette\u00a0\u00bb]Accompagnement chez le v\u00e9t\u00e9rinaire [uncode_inline_image] pour votre tranquillit\u00e9 d&rsquo;esprit ![\/vc_custom_heading][\/vc_column][\/vc_row][vc_row][vc_column column_width_percent=\u00a0\u00bb100&Prime; [&hellip;]<\/p>\n","protected":false},"author":1,"featured_media":141575,"parent":0,"menu_order":0,"comment_status":"closed","ping_status":"closed","template":"","meta":{"footnotes":""},"class_list":["post-141429","page","type-page","status-publish","has-post-thumbnail","hentry"],"_links":{"self":[{"href":"https:\/\/patounade.re\/index.php\/wp-json\/wp\/v2\/pages\/141429","targetHints":{"allow":["GET"]}}],"collection":[{"href":"https:\/\/patounade.re\/index.php\/wp-json\/wp\/v2\/pages"}],"about":[{"href":"https:\/\/patounade.re\/index.php\/wp-json\/wp\/v2\/types\/page"}],"author":[{"embeddable":true,"href":"https:\/\/patounade.re\/index.php\/wp-json\/wp\/v2\/users\/1"}],"replies":[{"embeddable":true,"href":"https:\/\/patounade.re\/index.php\/wp-json\/wp\/v2\/comments?post=141429"}],"version-history":[{"count":1,"href":"https:\/\/patounade.re\/index.php\/wp-json\/wp\/v2\/pages\/141429\/revisions"}],"predecessor-version":[{"id":141432,"href":"https:\/\/patounade.re\/index.php\/wp-json\/wp\/v2\/pages\/141429\/revisions\/141432"}],"wp:featuredmedia":[{"embeddable":true,"href":"https:\/\/patounade.re\/index.php\/wp-json\/wp\/v2\/media\/141575"}],"wp:attachment":[{"href":"https:\/\/patounade.re\/index.php\/wp-json\/wp\/v2\/media?parent=141429"}],"curies":[{"name":"wp","href":"https:\/\/api.w.org\/{rel}","templated":true}]}}